{"id":5,"date":"2019-04-02T10:45:19","date_gmt":"2019-04-02T10:45:19","guid":{"rendered":"http:\/\/s522732757.online.de\/?page_id=5"},"modified":"2022-01-18T10:14:48","modified_gmt":"2022-01-18T10:14:48","slug":"home","status":"publish","type":"page","link":"https:\/\/heizoel-vogel.de\/","title":{"rendered":"Home"},"content":{"rendered":"<h3><strong><span style=\"color: #ff0000;\">Ihr Heiz\u00f6l-H\u00e4ndler in Leipzig und Umgebung<\/span><\/strong><\/h3>\n<p>Sie sind auf der Suche nach einem zuverl\u00e4ssigen Heiz\u00f6l-H\u00e4ndler in Leipzig und Umgebung? Dann sind Sie bei der Vogel Mineral\u00f6lhandel &amp; Transportlogistik GmbH genau richtig!<br \/>\nSeit 1927 ist unser Familienunternehmen in der 4. Generation erfolgreich in Sachen Brennstoffe und Transport t\u00e4tig.<\/p>\n<p><strong>Heiz\u00f6l<\/strong><br \/>\nHeiz\u00f6l ist im Vergleich zu anderen Energiearten ein g\u00fcnstiger Energietr\u00e4ger. Moderne Brennwerttechnik, sowie schwefelarmes Heiz\u00f6l in Standard oder Premiumqualit\u00e4t sorgen f\u00fcr eine schadstoffarme Verbrennung und schonen die Umwelt.<\/p>\n<p>Wir bieten Ihnen Produkte von gepr\u00fcfter Qualit\u00e4t direkt ab Raffinerie mit unserem modernen Fuhrpark.<span style=\"color: #ff0000;\"><strong><img loading=\"lazy\" decoding=\"async\" class=\"size-medium wp-image-98 alignright\" src=\"http:\/\/heizoel-vogel.de\/wp-content\/uploads\/2019\/04\/fiamma_Das-Premium-Heiz\u00f6l-300x151.jpg\" alt=\"\" width=\"300\" height=\"151\" srcset=\"https:\/\/heizoel-vogel.de\/wp-content\/uploads\/2019\/04\/fiamma_Das-Premium-Heiz\u00f6l-300x151.jpg 300w, https:\/\/heizoel-vogel.de\/wp-content\/uploads\/2019\/04\/fiamma_Das-Premium-Heiz\u00f6l-768x388.jpg 768w, https:\/\/heizoel-vogel.de\/wp-content\/uploads\/2019\/04\/fiamma_Das-Premium-Heiz\u00f6l-1024x517.jpg 1024w, https:\/\/heizoel-vogel.de\/wp-content\/uploads\/2019\/04\/fiamma_Das-Premium-Heiz\u00f6l-420x210.jpg 420w, https:\/\/heizoel-vogel.de\/wp-content\/uploads\/2019\/04\/fiamma_Das-Premium-Heiz\u00f6l.jpg 1646w\" sizes=\"(max-width: 300px) 100vw, 300px\" \/><\/strong><\/span><\/p>\n<p><span style=\"color: #bf1313;\"><strong>1. Fiamma Das Premium-Heiz\u00f6l:<\/strong><\/span><\/p>\n<p>Geringe Mehrkosten zur Standardqualit\u00e4t \u2013die sich langfristig rechnen.<\/p>\n<p class=\"has-text-color has-vivid-red-color\"><strong>Vorteile:<\/strong><\/p>\n<ul>\n<li>Niedriger Verbrauch durch h\u00f6heren Wirkungsgrad<\/li>\n<li>Bessere Verbrennungsleistung<\/li>\n<li>Verbesserte Lagerstabilit\u00e4t des Heiz\u00f6les<\/li>\n<li>Sauberkeit und Betriebssicherheit der Anlage<\/li>\n<li>Umweltschonend<\/li>\n<\/ul>\n<p><span style=\"color: #008000;\"><strong>2. Klimaneutrales Heiz\u00f6l:<\/strong><\/span><\/p>\n<p style=\"text-align: center;\"><span style=\"color: #008000;\">Ihr pers\u00f6nlicher Beitrag zum Klimaschutz:<\/span><\/p>\n<p style=\"text-align: center;\"><span style=\"color: #000000;\">Schaffen Sie Werte, seien Sie umweltbewusst. <\/span><br \/>\n<span style=\"color: #008000;\"><span style=\"color: #000000;\">Wir stellen<\/span> <strong>klimaneutrales HEIZ\u00d6L<\/strong> &#8211; CO\u00b2-frei, <\/span><br \/>\n<span style=\"color: #000000;\">und unterst\u00fctzen somit Klimaprojekte<\/span><\/p>\n<p><strong>3. Heiz\u00f6l Standard schwefelarm<\/strong><\/p>\n<p style=\"text-align: left;\"><strong>4. Dieselkraftstoff<\/strong><\/p>\n<p style=\"text-align: center;\">Wir beraten Sie gern. Rufen sie uns an 0341 &#8211; 424 9871.<\/p>\n<hr \/>\n","protected":false},"excerpt":{"rendered":"<p>Ihr Heiz\u00f6l-H\u00e4ndler in Leipzig und Umgebung Sie sind auf der Suche nach einem zuverl\u00e4ssigen Heiz\u00f6l-H\u00e4ndler in Leipzig und Umgebung? Dann sind Sie bei der Vogel Mineral\u00f6lhandel &amp; Transportlogistik GmbH genau richtig! Seit 1927 ist unser Familienunternehmen in der 4. Generation <a href=\"https:\/\/heizoel-vogel.de\/\" class=\"more-link\">weiterlesen<\/a><\/p>\n","protected":false},"author":1,"featured_media":0,"parent":0,"menu_order":0,"comment_status":"closed","ping_status":"closed","template":"","meta":{"footnotes":""},"_links":{"self":[{"href":"https:\/\/heizoel-vogel.de\/index.php?rest_route=\/wp\/v2\/pages\/5"}],"collection":[{"href":"https:\/\/heizoel-vogel.de\/index.php?rest_route=\/wp\/v2\/pages"}],"about":[{"href":"https:\/\/heizoel-vogel.de\/index.php?rest_route=\/wp\/v2\/types\/page"}],"author":[{"embeddable":true,"href":"https:\/\/heizoel-vogel.de\/index.php?rest_route=\/wp\/v2\/users\/1"}],"replies":[{"embeddable":true,"href":"https:\/\/heizoel-vogel.de\/index.php?rest_route=%2Fwp%2Fv2%2Fcomments&post=5"}],"version-history":[{"count":59,"href":"https:\/\/heizoel-vogel.de\/index.php?rest_route=\/wp\/v2\/pages\/5\/revisions"}],"predecessor-version":[{"id":1071,"href":"https:\/\/heizoel-vogel.de\/index.php?rest_route=\/wp\/v2\/pages\/5\/revisions\/1071"}],"wp:attachment":[{"href":"https:\/\/heizoel-vogel.de\/index.php?rest_route=%2Fwp%2Fv2%2Fmedia&parent=5"}],"curies":[{"name":"wp","href":"https:\/\/api.w.org\/{rel}","templated":true}]}}